 be x(n). Suppose -4*u = c + 7, 0 = -4*y + 4*u + 480. Is y prime?
False
Suppose 5*m = -3*d + 144200, -8*m - 57694 = -10*m - 4*d. Is m a prime number?
True
Let a(c) = 15*c**2 + 16*c + 39. Let v be a(-7). Suppose 4*t = -4*d + 1020, 150 = -2*d - 3*t + v. Is d composite?
True
Suppose 12*p = 16*p + 5*y - 3295809, 4*y = -p + 823933. Is p prime?
True
Suppose 98*a = -0*a + 5594722. Is a a composite number?
False
Let n(j) = -j**2 - 6*j + 28. Let f be n(-8). Suppose 0 = -f*i + 2446 + 507182. Is i a composite number?
True
Let y(r) = 230*r - 85. Let q(t) = 456*t - 170. Let d(x) = -4*q(x) + 9*y(x). Let z be ((-6)/(-9)*9)/1. Is d(z) a composite number?
True
Suppose 126*i - 2*y = 123*i + 153121, i - 51031 = 3*y. Is i a composite number?
False
Let w(y) = -270*y - 8. Let z be w(-1). Is z/20*66 - 44/(-110) a composite number?
True
Let v = 79405 - 55800. Is v prime?
False
Let d(f) = f**3 + 10*f**2 - 11*f + 5. Let s be d(-11). Suppose 2*c - 7 = 5*w, s*c + 4*w - 11 + 43 = 0. Is (469/(-2))/(2/c) prime?
False
Let u(z) = 27810*z - 2729. Is u(10) prime?
True
Suppose -5*s + 4*s + 452 = l, 904 = 2*s + 3*l. Suppose -4*t + 8 = -s. Is t a composite number?
True
Let v(q) be the third derivative of -37*q**7/2520 + q**5/60 - 2*q**2. Let k(l) be the third derivative of v(l). Is k(-1) a composite number?
True
Suppose 1088563 + 29623216 = 22*p + 27*p. Is p a prime number?
True
Suppose d - 16693637 = -58*d - 0*d. Is d prime?
False
Is (-3 - 9/(-4))/(-16 + 358962994/22435192) composite?
False
Is (-24)/54 - 12731761/(-63) prime?
False
Let r be 2199769/1573 + (-2 - (-56)/22). Let m be -4*(1 + (-30)/8). Suppose -m*j = -10*j - r. Is j a prime number?
True
Suppose 0 = 38*l - 15*l - 60191. Suppose 2*h - 3*h + 2*x + l = 0, 3*h - 5*x - 7856 = 0. Is h a composite number?
True
Suppose 2*u - 5*b = -2 - 3, -2*b + 30 = 2*u. Suppose u*h - 7*h = -2*k + 145, 296 = 4*k + 4*h. Is k a composite number?
True
Let i = -16184 - -27607. Is i prime?
True
Let k be 2*(-3)/2 + 47 + -37. Is 5581/k + -4*(-5)/(-70) prime?
True
Let i = 180 + -48. Let z be (-3258)/(-4)*(-6 - i/(-18)). Let k = z + -233. Is k a composite number?
False
Let n be (-10)/15 - 99076/3. Let k = n - -48621. Is k a prime number?
False
Suppose -4*t + 5*o + 4818 = 0, 0*o - 3604 = -3*t - o. Let v = t + -831. Is v prime?
False
Let w(i) = -61*i**3 + 23*i**2 + 29*i + 193. Is w(-10) composite?
True
Suppose -566*f = -567*f - 3*j + 925765, -2*f = -5*j - 1851486. Is f prime?
False
Let r = -1696873 - -2452527. Is r a composite number?
True
Suppose 2*y + 19952 - 9697 = 412221. Is y a composite number?
False
Is (394/3)/(7*(-24)/(-14868)) a prime number?
False
Suppose 2*w = -2*w + 24. Is w/30 - ((-8269)/5 + -1) a prime number?
False
Suppose 4*s - 4 + 0 = 2*v, -4*v = -4*s + 24. Is -7449*(v/(-15) - 1) prime?
False
Let h be (-63532)/(-8) - (3 + (-7)/2). Let y = -3883 + h. Let c = y + -2300. Is c prime?
True
Let l = 163149 + 21814. Is l a prime number?
False
Suppose -5*o = 4*s + 34, 5*o = 25*s - 23*s + 2. Is 381*-4*98/(-24) + s a prime number?
True
Let y = -24 + 24. Is y - (-2)/3*8229/26 a prime number?
True
Let r = 25854 + -5377. Is r prime?
True
Let r = 7418 + -4344. Suppose r = 41*d - 12*d. Is d composite?
True
Suppose -6 = 13*b - 15*b. Suppose 9 = i - 5*t, b*i - t - 7 = 6. Suppose l = -i*y + 681, 2*y + 10 = -0*y. Is l prime?
True
Let d be 644/(-63) - (-4)/18. Is 995 + 0 - (d + 8) a prime number?
True
Let m(a) = -4*a - 29. Let p be 0 + (-1)/5 - (-2)/10. Let x be 4 + (-8 - p) + -16. Is m(x) a prime number?
False
Let m(c) = 5835*c + 9589. Is m(84) a prime number?
True
Let i = 1642 + -4370. Let a = i + 5559. Is a prime?
False
Is (45723909/(-385))/((-3)/5) a composite number?
True
Is 41/(-164) - 2767585/(-20) composite?
True
Let r(v) = -37*v**3 + 5*v**2 - 26*v - 81. Is r(-10) prime?
False
Suppose 5*b - 20*r = -22*r + 76305, -3*b - 3*r = -45792. Is b composite?
False
Suppose 0 = -26*a + 28*a + 514. Let d = a + 628. Is d composite?
True
Let s(t) = -t**3 - 6*t**2 + 7*t + 2. Let p be (105/45)/((-2)/6). Let b be s(p). Is (3 - -50)/(b/6) a prime number?
False
Suppose a = -o + 1560190, 0*a + o + 1560204 = a. Is a a composite number?
True
Suppose -k + 1874 = 5*s - 9758, k - s - 11674 = 0. Is k prime?
False
Suppose -2425*o + 2471*o = 3772083 + 10314359. Is o a prime number?
False
Let i(t) = 2*t + 10. Let s be i(-3). Let c = 127 - 122. Suppose -5*n - 2*k + 3267 = 0, -s*n + 1985 = -n - c*k. Is n a prime number?
False
Let f(g) = -9*g + 557. Let h be f(62). Let a = -3 - -3. Is (-2940 - -5)*(a + h) composite?
True
Let t(k) = k**2 + 26*k + 44. Let l be t(-22). Let n be -3 + ((-8)/(-52) - l/52). Let p(x) = -40*x**3 - x**2 + x + 3. Is p(n) composite?
False
Let n(t) = 1823*t + 64. Let p be n(4). Is (p + -13)*(1 + 0) a prime number?
False
Let w be ((-5)/(-10))/(2/24). Let m(p) = 101*p + 8. Let b be m(w). Let v = 1045 - b. Is v a prime number?
True
Let v be 12*15*(-18)/(-81). Let o(k) = k**3 - 39*k**2 - 2*k + 7. Is o(v) prime?
False
Let d = -258 - -257. Is (6/2)/(d - 11856/(-11838)) a composite number?
False
Is (-2543718)/(-20) - 72/(-24) - (-1)/10 a composite number?
False
Let d = 58313 - 82648. Let h = -13592 - d. Is h a prime number?
False
Let j(s) = 78534*s**3 - 2*s**2 + 21*s - 45. Is j(2) prime?
True
Let n be 3 + ((-12)/5)/((-2)/(-1120)). Suppose -4*u + 8240 = 2*h, 3*u = 4*h + 1418 + 4762. Let w = u + n. Is w prime?
True
Let f(a) = 1301*a**2 + 44*a - 752. Is f(11) composite?
True
Let x(o) = 387*o - 382*o + 9 + 2 + 58. Is x(12) composite?
True
Is 12673/38 - (-2)/4 a composite number?
True
Suppose 6 = d + 2. Let g be (d + -6)*45/6. Is (-5)/(g/(-2))*2259/(-6) prime?
True
Let p(d) = -d**2 - 5*d + 5. Let n be p(-5). Suppose 0*h = 4*h + 16, n*w + 199 = -h. Let y = 196 + w. Is y composite?
False
Suppose -3*s + 4*k - 2*k + 2 = 0, 6 = 3*k. Suppose -49472 = -4*d - b, -5*d - 5*b = -s*b - 61847. Is d composite?
True
Let z be -3 - ((-35)/(-4) + 3/12). Let a be (-8)/z + (-4429)/(-3). Suppose -3*b = -2*k - 6*b + a, b = 3*k - 2210. Is k prime?
False
Let n(r) = 5*r - 91. Let z be n(18). Is z/((-4)/26)*106 composite?
True
Suppose -x - 3*y = -621232, y + 1863686 = 39*x - 36*x. Is x a composite number?
True
Let f(k) be the first derivative of 145*k**3/3 + 9*k**2/2 - 35*k - 160. Is f(7) composite?
True
Let h = -3965 + 17494. Is h prime?
False
Suppose -2*t + 2913 + 7063 = -3*z, -14926 = -3*t - 5*z. Suppose i = 3*d + 3636 + 1370, 0 = -i - 5*d + t. Is i a prime number?
False
Suppose -19*j + 332624 = -3*j. Is j a prime number?
True
Let s = 7165 - 2309. Let h = -1813 + s. Is h a prime number?
False
Suppose t - 1271 = 5*z - 299, -z = 3*t - 2852. Let d be 4 - (-1)/((-1)/t). Let l = -497 - d. Is l a prime number?
False
Let o be 4/24 + (-141)/(-18). Suppose o*w = 13258 + 414. Is w composite?
False
Let w = 141516 + -97855. Is w a prime number?
True
Suppose 4*z + 3*m - 56 = -z, 3*m + 9 = 0. Let j(f) = -3*f + 27. Let a be j(z). Is (5/(-2))/(a/456) a composite number?
True
Let o(v) = 3*v + 3*v**2 + 24 - 4*v - 19. Let x(s) = -s**2 - 1. Let j(w) = o(w) + 2*x(w). Is j(11) composite?
False
Let c be (-8)/(((-8)/(-20))/(-2)*1). Suppose -4*p = -56 - c. Suppose -23 - p = -h. Is h a composite number?
False
Let w(n) = -348953*n - 280. Is w(-1) a composite number?
True
Let i(j) = -35*j**3 - 5*j**2 - 3*j + 9. Let w be i(-10). Let c = -14393 + w. Suppose 6*f = -8*f + c. Is f prime?
True
Suppose -11*o + 7*o = i - 6574, -2*o - 12 = 0. Is i a composite number?
True
Let v = -105 - -163. Suppose -434*t = -313*t - 37147. Suppose -z + t = -v. Is z a prime number?
False
Suppose 576 = 29*f + 19*f. Suppose -f*j + 415107 + 45105 = 0. Is j a composite number?
False
Let y(w) = -974*w - 1307. Is y(-6) composite?
True
Suppose -5*k = 161 - 61. Let u(d) be the first derivative of -d**4/4 - 6*d**3 - 3*d - 1448. Is u(k) prime?
True
Suppose -42*h = h + 145039. Is 32/(11 - 3) - h composite?
True
Suppose 2 = 6*d - 10. Suppose 4*q - d*l = 5082, 4*l - 2546 = 10*q - 12*q. Is q composite?
True
Is 11805/(-60)*(-18)/27*1146 composite?
True
Let q = -338 - -344. Suppose -n = -5933 - q. Is n composite?
False
Suppose -55 = -2*j - 9*j. Suppose -5*w - 2*o + 7*o + 7405 = 0, 7402 = j*w - 4*o. Is w a prime number?
False
Suppose 4*v - 5*k - 563601 = 0, 3*v - 181075 - 241680 = -4*k. Is v prime?
True
Suppose 5*u = -5*s + 9*s - 228, -3*u - 4*s - 156 = 0. I